55 = 0. Let k(g) = -g + 1. Let b(n) = 2*n - 3. Let z(x) = -4*b(x) - 9*k(x). Give z(j).
7
Let n(j) = j**2 + 16*j - 39. Let s be n(-18). Let i(p) = -3*p**2 - 2*p + 4. Calculate i(s).
-17
Let k(a) = 5*a**2 + 2*a - 4. Let m(s) = 6*s**2 + s - 5. Let i(f) = -5*k(f) + 4*m(f). What is i(-6)?
0
Let c(f) = -f**3 + 5*f**2 - 4*f + 5. Let z be c(4). Let d = -3 + z. Let l be 14/6 + d/(-6). Let q(o) = 2*o**2 - o - 1. Determine q(l).
5
Let h(v) = v**2 - 5*v - 4. Suppose -p - 4 = -9. What is h(p)?
-4
Let g(y) = -2*y + 2. Let f be g(3). Let d(a) = 4*a**3 - 10*a**2 - 7*a - 3. Let j(n) = -5*n**3 + 11*n**2 + 8*n + 3. Let l(z) = -6*d(z) - 5*j(z). Determine l(f).
11
Suppose -5*f + 0 + 5 = 0. Let h = -7 + f. Let n(w) = -w**2 - 5*w + 1. Let s be n(h). Let c(p) = p**3 + 6*p**2 + 6*p - 3. Calculate c(s).
-8
Let g(z) = -7*z + 2. Let l(w) = 4*w - 1. Suppose -3*m - 7 = 26. Let t = -10 + 4. Let n(f) = m*l(f) + t*g(f). Calculate n(-2).
3
Let l(b) = -7*b**3 + b**2 - 5*b - 1. Let d(g) = -8*g**3 + g**2 - 6*g - 1. Let v(z) = -6*d(z) + 7*l(z). Let h be (-1*1)/(2 - 3). Calculate v(h).
0
Let j(a) = a**2 - 7*a - 13. Let w(r) = r**2 - 10*r - 15. Let o be w(12). Let q be j(o). Let i(c) = -c**2 + 4*c + 2. Calculate i(q).
-3
Suppose 2*v + 18 = 4*r, r = 4*r - 15. Let b be (9 - (v - -2)) + -1. Let z(p) = 1 + 4*p + p**2 + 3*p**2 - 5*p**2. Give z(b).
-4
Let i(v) = -v**3 + v**2. Let s be 1/4 - 51/12. Let w = s + 6. Give i(w).
-4
Let t(q) be the second derivative of -3*q**5/10 + q**4/12 + q**3/6 - 2*q. Determine t(-1).
6
Let b(k) be the first derivative of k - 1/2*k**2 - 2. Suppose m + 7*r - 4*r - 12 = 0, -3*r - 18 = -4*m. Give b(m).
-5
Let b(d) be the third derivative of -d**5/5 + 4*d**2. Give b(-1).
-12
Let j(f) = f**3 + 8*f**2 + 6*f - 3. Let b be j(-7). Let t(y) = y**3 - 6*y**2 + 8*y + 4. Let g be t(b). Let k(u) = -2*u - 1. Calculate k(g).
-9
Let i(n) be the second derivative of -n**5/60 + n**3/2 - n**2/2 - n. Let s(f) be the first derivative of i(f). What is s(-3)?
-6
Suppose -2*u = 12 - 22. Let a(v) be the third derivative of v**6/120 - v**5/10 + 5*v**4/24 + v**3/3 - v**2. What is a(u)?
2
Suppose 0 = -f - 4*y + 5 + 1, 0 = -3*f - y + 7. Let q(s) = 2*s - 2*s**f - s + 2*s**2 + s**2. Determine q(-1).
0
Let o(j) be the first derivative of j**3/3 - j**2 - 3*j + 31. Calculate o(6).
21
Let p(i) = -i - 1. Let o(x) = 5*x + 6. Let n(a) = -o(a) - 4*p(a). What is n(3)?
-5
Let u(h) = 17*h - 1. Let o be (1 - (-4 - -3))/2. What is u(o)?
16
Let f(d) = -d + 2 + 3*d - d. Suppose -3*m - 4*k + 63 = 0, 2*k = -2*k. Suppose -4*n - 5 = -a, -n = 2*n + 5*a + m. Give f(n).
0
Let l(f) = -f**3 - 4*f**2 + 4*f + 7. Suppose v - 3*q + 14 = 0, -3*q - 3 = -4*q. Calculate l(v).
12
Let p(u) be the second derivative of 2*u - 7/6*u**3 + 1/2*u**4 + u**2 + 0 + 1/20*u**5. Determine p(-7).
2
Let z(j) = 2 - 8*j - j**2 + 4*j + 5*j. Give z(-3).
-10
Let g(y) = 13 - 12 - 6 - 2*y. Calculate g(6).
-17
Let q(x) = -x**3 - 2*x + 8 - 2 + 4*x**2 - 6. Calculate q(4).
-8
Let b(u) = -u**3 + 7*u**2 + 18*u - 2. Let c be b(9). Let o(g) = 10*g. Give o(c).
-20
Let n(a) be the third derivative of -a**4/24 + 2*a**3/3 - 5*a**2. Calculate n(-4).
8
Let k(v) = v**2 - v + 2. Let j = 1 + 3. Suppose -4*o - 4 = -9*o + j*a, -o - 2*a = 2. Determine k(o).
2
Let u be (-8)/((-2)/(-1)*-1). Suppose 6*h + u = 2*h. Let q(l) = 2*l**3 - l - 1. Give q(h).
-2
Let z(j) be the second derivative of -j**4/12 - 3*j**3/2 + 4*j**2 - 34*j. Determine z(-10).
-2
Suppose 4*c = c. Suppose j = 3 - 4, c = -2*l - 2*j + 2. Let g(x) = 2*x**3 - 3*x**2 + 3*x - 2. Give g(l).
8
Let g(r) = -r**3 + r**2 - r. Let z(l) = -3*l**3 - l**2 - 2*l. Let t(y) = -4*g(y) + z(y). What is t(4)?
-8
Let d(u) = -u + 11. Let m be (90/27)/(2/(-3)). Let r be (-2)/10 - 36/m. Give d(r).
4
Let o(q) = -8 + 6 - q + 0*q + 2*q. Calculate o(5).
3
Let m(t) = t**3 - t**2 - t. Let d(g) = 4*g**3 - 10*g**2 + g + 2. Let q(f) = -d(f) + 3*m(f). Let z be (-10)/5 + -16*(-2)/4. Determine q(z).
10
Let p(h) = -2*h. Suppose 0 = -3*k - 0*k - 2*a, -5 = 5*k + 5*a. Suppose 7 = 3*i - k. Suppose 3*s - m = -6, -2*m = -s + 1 - i. Give p(s).
4
Let b(t) be the third derivative of t**8/20160 + t**7/840 - 7*t**6/720 + 3*t**5/20 - 2*t**2. Let l(v) be the third derivative of b(v). Determine l(-5).
-12
Let k(u) = 8*u**3 - 2*u + 1. Let o be (3 - (-1)/1) + -1. Let j = 4 - o. What is k(j)?
7
Let n(f) = 7*f**3 - 5*f**2 - 5*f - 1. Let p(o) = 6*o**3 - 4*o**2 - 4*o. Let j(t) = 5*n(t) - 6*p(t). What is j(0)?
-5
Suppose 0 = -0*c - 4*c - 4. Suppose -9 - 3 = -4*g. Let b(u) = u**2 - 2*u - u**2 - 1 - u**g - u**2. Calculate b(c).
1
Let b(p) = 3*p + 2*p**3 + 29 + 8*p**2 - 3*p**3 - 9*p - 35. What is b(7)?
1
Let y(p) = p + 1. Let n be y(2). Let d(w) be the first derivative of 3*w**2/2 - 3*w + 1. Determine d(n).
6
Let c(z) = 3*z**2 + 3*z + 3. Let x(m) = m + 1. Let a(j) = 2*c(j) - 6*x(j). Let n(b) = -b**2 + 7*b + 1. Let v be n(7). What is a(v)?
6
Let h(c) be the first derivative of 5*c**2 - 1. Let u = 153 + -152. Give h(u).
10
Suppose 0 = 6*n - n - 10. Let r(w) = -1 + 4*w**n + 12*w**2 + 2*w - 4*w**2 - 4*w**2. What is r(1)?
9
Let s(h) be the second derivative of -3*h + 0 - 1/3*h**3 + 3/2*h**2 - 1/12*h**4. What is s(-3)?
0
Suppose 3*a - 6 = -0. Suppose -a*l - 1 = 1. Let d(r) be the first derivative of -7*r**3/3 - r**2 - r + 2. What is d(l)?
-6
Let s(z) = -7*z + 7. Let a(n) = -6*n + 6. Let w(i) = 4*a(i) - 3*s(i). Calculate w(2).
-3
Let u(o) = 3*o - 6. Suppose 0 = 2*f + 6 - 16. Calculate u(f).
9
Suppose c + 8 = 3*f, -4*f = -0*f + 2*c - 24. Let t(o) = 5 - 6*o - 1 + 2*o + o**2. Calculate t(f).
4
Let s(n) = n**2 + 3*n - 4. Suppose -2*x - 4*r - 24 = 0, 3*x + 0*r = 2*r - 4. Give s(x).
0
Suppose 12 = -y + 4*y. Let m(l) be the first derivative of l + 1/3*l**3 + y - l**2. Give m(2).
1
Let x be 1/6 - (-293)/6. Suppose 3*q - a = -x, 2*a - 5 + 27 = -2*q. Let p = q + 11. Let z(u) = -u - 7. Give z(p).
-3
Let o(i) = -2*i**2 - 4*i - 2. Suppose 6*j - 4*j = -6. What is o(j)?
-8
Let v(c) = c**3 + 4*c**2 - 12*c - 5. Let n be v(-6). Let f(u) be the second derivative of -u**4/12 - 5*u**3/6 + u**2/2 + u. Give f(n).
1
Let l(c) = c**2. Let k(m) = -5*m**2 + 6. Let p(i) = k(i) + 4*l(i). Suppose 48 = -7*n + 5*n + 4*o, 0 = n + 3*o + 9. Let g = 18 + n. Calculate p(g).
6
Let y(v) = 4*v - 2. Let s be (-2)/5 - 2/(-5). Suppose s = 4*j + 3 + 5. Calculate y(j).
-10
Let c(q) = -q**2 - 31 - 5*q + 86 - 28 - 23. Give c(-6).
-2
Let z be 65/9 - 2/9. Let g = z - 5. Let r(n) = -3 - 4*n**3 + 3*n**3 + g + n**2. Give r(0).
-1
Let n be 0 + 2 - 0/2. Let i = n - 1. Let t(p) = -7*p**2 - 36 + 9 + 11 + 17. Calculate t(i).
-6
Suppose -p + 3*p = 6. Let t(u) be the third derivative of u**6/720 + u**5/120 + u**4/6 + u**2. Let m(b) be the second derivative of t(b). What is m(p)?
4
Let t be -4*3/(-24)*6. Let b be 4/(-6)*t/(-2). Let z(y) = 3*y. Determine z(b).
3
Let z(n) = -2*n**2 - 6 - 10 - 6*n + 20 - 6. Determine z(-4).
-10
Let f(g) = -2*g - 1. Let m(j) = -2 - 2*j**3 + 2. Let y be m(-1). Suppose 2 = y*o - 0. What is f(o)?
-3
Let w(v) = -v + 5. Let g be w(6). Let l(t) = 45 - t**2 - 44 + 2*t + 9*t**2. Give l(g).
7
Let r(a) = -7*a**2 + 12*a + 6. Let t(i) = 15*i**2 - 25*i - 13. Let g(k) = -13*r(k) - 6*t(k). What is g(5)?
-5
Let g(k) = -k**2 + 5*k - 1. Let o be (-3 + -2)*(-32)/10. Suppose 3*n + 4 = o. What is g(n)?
3
Let l(m) = -m**2 + 1. Let s = 19 - 19. Let n(j) = j**2 + 1. Let q be n(s). What is l(q)?
0
Let m = -2 + 2. Let s = 3 + m. Let f(o) = 4*o**2 + 2 - 2*o**3 - 3*o + o**s + 0*o. Determine f(4).
-10
Let q(m) be the second derivative of -m**3/6 + 2*m. Let k be q(-8). Suppose -2*x = 5*r - k, -5*x = 4*r - 20 - 0. Let u(c) = -c**3 + 2. Give u(r).
2
Let w(g) be the third derivative of g**5/30 - 7*g**4/24 + g**3 + 2*g**2 + 4*g. Let c = 0 + 4. Give w(c).
10
Let f = 11 + -11. Let n(j) be the second derivative of -1/2*j**3 + 2*j - 2*j**2 - 1/3*j**4 + 1/20*j**5 + f. Calculate n(5).
6
Let p(l) = -5*l - 3 - 5*l + 6*l + l**2. Suppose n - 10 = v + 4*n, 0 = -3*v + 5*n + 26. Let q(w) = 2*w. Let z be q(v). Give p(z).
-3
Suppose 0*l + 90 = 5*l. Let u(k) = 6*k**2 - 17*k**3 + 0 + l*k**3 + 7 + 8*k. Calculate u(-5).
-8
Let t(z) = z**2 + 6*z - 2. Let f(l) = l**3 - 4*l**2 - 7*l + 4. Let n(r) = -r**2 - 9*r - 13. Let q be n(-6). Let g be f(q). Calculate t(g).
-2
Let k(j) = -5*j - 16. Let y(p) = 18*p + 51. Let v(c) = -12*c - 34. Let u(d) = 7*v(d) + 